11?
1
What is the hundred millions digit of 1617724444?
6
What is the hundreds digit of 757311968?
9
What is the hundreds digit of 1897495990?
9
What is the hundred thousands digit of 14735438?
7
What is the ten thousands digit of 516571009?
7
What is the ten millions digit of 254213961?
5
What is the thousands digit of 563668844?
8
What is the units digit of 283373543?
3
What is the millions digit of 39964410?
9
What is the thousands digit of 44858831?
8
What is the hundred thousands digit of 225316891?
3
What is the millions digit of 107809972?
7
What is the ten thousands digit of 1474491167?
9
What is the ten thousands digit of 5655795804?
9
What is the millions digit of 63297142?
3
What is the ten millions digit of 116078482?
1
What is the millions digit of 142676326?
2
What is the hundred millions digit of 164111793?
1
What is the ten millions digit of 16184207?
1
What is the ten thousands digit of 2398970249?
7
What is the millions digit of 194432360?
4
What is the hundred millions digit of 756108939?
7
What is the tens digit of 5650842761?
6
What is the hundred millions digit of 106524290?
1
What is the hundreds digit of 610563851?
8
What is the thousands digit of 442430314?
0
What is the millions digit of 3366389686?
6
What is the hundred millions digit of 958137898?
9
What is the millions digit of 2594170701?
4
What is the thousands digit of 31806860?
6
What is the hundred thousands digit of 84581779?
5
What is the tens digit of 762099316?
1
What is the ten millions digit of 7252566434?
5
What is the ten thousands digit of 75841981?
4
What is the hundreds digit of 138624308?
3
What is the thousands digit of 56151347?
1
What is the ten thousands digit of 160775618?
7
What is the thousands digit of 19315210?
5
What is the units digit of 27921232?
2
What is the units digit of 89156805?
5
What is the hundred millions digit of 566844585?
5
What is the tens digit of 632704980?
8
What is the hundred thousands digit of 1903900508?
9
What is the hundreds digit of 2786732699?
6
What is the thousands digit of 167836452?
6
What is the thousands digit of 5097114053?
4
What is the ten thousands digit of 223497513?
9
What is the ten thousands digit of 77651407?
5
What is the ten thousands digit of 27144239?
4
What is the hundred thousands digit of 334820943?
8
What is the tens digit of 38090159?
5
What is the millions digit of 229196012?
9
What is the thousands digit of 1180307922?
7
What is the ten millions digit of 51266792?
5
What is the ten millions digit of 836216653?
3
What is the millions digit of 1434225923?
4
What is the tens digit of 70520060?
6
What is the millions digit of 1143883550?
3
What is the millions digit of 154534164?
4
What is the hundreds digit of 273840932?
9
What is the ten thousands digit of 40171390?
7
What is the ten millions digit of 19825179?
1
What is the tens digit of 1021731678?
7
What is the hundred thousands digit of 1398141033?
1
What is the hundred thousands digit of 145430646?
4
What is the hundred millions digit of 234687174?
2
What is the hundreds digit of 605522384?
3
What is the hundreds digit of 45138496?
4
What is the thousands digit of 431865445?
5
What is the millions digit of 90360655?
0
What is the tens digit of 950043569?
6
What is the hundred thousands digit of 62683289?
6
What is the units digit of 48260963?
3
What is the thousands digit of 1415757339?
7
What is the hundreds digit of 92732713?
7
What is the hundred thousands digit of 1298625253?
6
What is the units digit of 57209527?
7
What is the hundred millions digit of 1014004533?
0
What is the tens digit of 93639866?
6
What is the ten thousands digit of 78284410?
8
What is the hundred thousands digit of 326125738?
1
What is the ten thousands digit of 51989021?
8
What is the ten thousands digit of 1824764028?
6
What is the ten millions digit of 194903182?
9
What is the units digit of 157921578?
8
What is the hundred millions digit of 624828156?
6
What is the hundreds digit of 4643573188?
1
What is the ten thousands digit of 1956670459?
7
What is the units digit of 50084081?
1
What is the units digit of 104457382?
2
What is the hundred thousands digit of 74191409?
1
What is the hundred thousands digit of 98306835?
3
What is the thousands digit of 377125733?
5
What is the ten millions digit of 71714668?
7
What is the hundreds digit of 276475296?
2
What is the millions digit of 2437202453?
7
What is the millions digit of 235532368?
5
What is the billions digit of 2278984035?
2
What is the ten thousands digit of 35436065?
3
What is the millions digit of 2103205407?
3
What is the tens digit of 1524091856?
5
What is the millions digit of 597247894?
7
What is the hundred millions digit of 742650342?
7
What is the hundreds digit of 2032994353?
3
What is the millions digit of 39714518?
9
What is the hundred millions digit of 3333152937?
3
What is the thousands digit of 93349543?
9
What is the ten thousands digit of 400835653?
3
What is the tens digit of 76295582?
8
What is the ten millions digit of 54573620?
5
What is the hundreds digit of 6169023830?
8
What is the millions digit of 47630176?
7
What is the ten thousands digit of 490658770?
5
What is the ten thousands digit of 200431118?
3
What is the millions digit of 1323665537?
3
What is the ten thousands digit of 3660838584?
3
What is the ten millions digit of 3293151736?
9
What is the units digit of 14063492?
2
What is the hundred thousands digit of 37787083?
7
What is the ten millions digit of 80594783?
8
What is the hundred thousands digit of 131071726?
0
What is the ten thousands digit of 308905765?
0
What is the thousands digit of 20912202?
2
What is the hundred millions digit of 518209508?
5
What is the ten thousands digit of 4185490475?
9
What is the hundreds digit of 165782456?
4
What is the hundreds digit of 646796589?
5
What is the hundred thousands digit of 180708503?
7
What is the hundreds digit of 6786443984?
9
What is the ten millions digit of 1606146008?
0
What is the tens digit of 24704915?
1
What is the millions digit of 183394451?
3
What is the units digit of 168036650?
0
What is the ten thousands digit of 1472077304?
7
What is the ten thousands digit of 334179266?
7
What is the ten thousands digit of 4370141849?
4
What is the ten millions digit of 274460709?
7
What is the units digit of 16232003?
3
What is the millions digit of 307367907?
7
What is the millions digit of 580453344?
0
What is the ten millions digit of 340406266?
4
What is the ten millions digit of 337446246?
3
What is the tens digit of 509486891?
9
What is the ten millions digit of 1778418291?
7
What is the hundred millions digit of 198662311?
1
What is the hundred thousands digit of 2710634?
7
What is the hundred millions digit of 101595162?
1
What is the ten millions digit of 932400738?
3
What is the tens digit of 1368199427?
2
What is the millions digit of 75189301?
5
What is the ten millions digit of 52712088?
5
What is the hundred millions digit of 1161832568?
1
What is the tens digit of 126568080?
8
What is the millions digit of 1030576336?
0
What is the millions digit of 172930046?
2
What is the millions digit of 548938161?
8
What is the ten thousands digit of 786668939?
6
What is the ten millions digit of 3841575737?
4
What is the ten millions digit of 22720348?
2
What is the tens digit of 27375707?
0
What is the tens digit of 126198314?
1
What is the ten thousands digit of 3490631687?
3
What is the millions digit of 162732195?
2
What is the hundreds digit of 628501296?
2
What is the tens digit of 189097723?
2
What is the units digit of 64102082?
2
What is the units digit of 288327232?
2
What is the millions digit of 647703589?
7
What is the ten millions digit of 168537429?
6
What is the thousands digit of 13882129?
2
What is the ten millions digit of 401511028?
0
What is the millions digit of 61581622?
1
What is the units digit of 47314754?
4
What is the hundred millions digit of 177866161?
1
What is the hundreds digit of 2003545210?
2
What is the hundred thousands digit of 439578485?
5
What is the thousands digit of 67563379?
3
What is the tens digit of 288677266?
6
What is the hundred thousands digit of 2436719?
4
What is the units digit of 839848788?
8
What is the thousands digit of 7017437887?
7
What